 t be (2/(-4))/(y/(-72)). Give a(t).
11
Let v be (-140)/(-120)*(-1)/(-7). Let c(r) be the second derivative of r**2 - v*r**4 + 0*r**3 + 0 - 5*r. Give c(2).
-6
Let q(r) be the first derivative of -r**3/3 + r**2/2 - r - 430. Calculate q(0).
-1
Let k(w) = w**3 - 13*w**2 + 30*w - 8. Let j be k(10). Let b(v) = v**3 + 8*v**2 - v - 8. Calculate b(j).
0
Let u = -839 - -832. Let k(r) = r**2 + 7*r + 9. Determine k(u).
9
Let o(b) = b**2 - 7*b + 4. Let z(r) = -r**2 - 2*r + 1. Let l(n) = o(n) - 2*z(n). Give l(1).
2
Let h(k) = -k**3 + 6*k**2 - 2*k - 6. Suppose 0 = -3*b + p + 17, 27*p = 2*b + 24*p - 9. Determine h(b).
-18
Let r be 6 - 4/(-8)*-6. Let m(j) = -2*j + 3*j - 3*j - r. Let a = 9 + -15. Calculate m(a).
9
Let w(c) be the third derivative of c**5/60 - c**4/8 - 17*c**3/6 - 25*c**2 - c. Calculate w(7).
11
Suppose -d - 24 = 3*d. Let o(y) = -2*y - 12. Determine o(d).
0
Let g(v) be the third derivative of -v**4/12 - v**3/3 + 5*v**2. Suppose 3*a + 3*x = x + 17, 5*a - 4*x = 43. Give g(a).
-16
Let v(m) = -78*m + 30. Let h(l) = 5*l - 2. Let k(q) = -15*h(q) - v(q). Calculate k(-6).
-18
Let s(o) be the first derivative of -o**7/840 - o**6/72 - 7*o**5/120 - o**4/6 + o**3/3 + 9*o + 7. Let b(q) be the third derivative of s(q). Calculate b(-4).
8
Suppose 0 = -4*y - 0*y + 84. Let v(l) = 4*l + 0*l**2 + 25 - y - l**2. Give v(5).
-1
Let h(l) be the third derivative of 0 + 1/6*l**3 + 0*l - 1/24*l**4 - 24*l**2. Calculate h(2).
-1
Let v(p) = -2*p**3 + 3*p**2. Let c = -7 + 40. Suppose -3 = -a + f - 4*f, -3*a = f - c. Suppose 2*k - 3 = -j + 3, 0 = 3*j + 3*k - a. What is v(j)?
-4
Let d(q) = 34*q - 28*q - 15 + 6. Let m(y) = y - 1. Let g(b) = -d(b) + 4*m(b). What is g(6)?
-7
Let p(f) = -f**2 - 4*f - 1. Let u be (1 - 1)/(8/4). Let z be u/(-3 + 4/2). Let d = z - 4. Give p(d).
-1
Suppose 9 = -2*q - g, -4*q - 3*g - 15 = -0*q. Let f be 10/2 - ((-2 - q) + -5). Let y(h) = h**3 - 6*h**2 - h + 4. Determine y(f).
-2
Let t(i) = -4082*i**2 + 22*i - 19 + 4083*i**2 - 8*i. Determine t(-15).
-4
Suppose 9 - 21 = -4*t. Suppose 2 = t*p - 4*p. Let a be (p/3)/(16/(-72)). Let i(k) = k**2 - k + 1. Determine i(a).
7
Suppose u = o + o - 8, 0 = 4*u + 2*o - 8. Let p(f) = -f**2 + 48. Give p(u).
48
Let w(x) = x**2 - 7*x + 12. Let j be w(4). Suppose 2*p + 4*a - 9 - 7 = 0, -3*p + 3*a + 6 = j. Let d(s) = 6*s - 4. Give d(p).
20
Let i(p) be the second derivative of -1 - 43*p + 1/2*p**3 - 5/2*p**2. Give i(5).
10
Suppose -f + 1 + 2 = 0. Let a(r) be the first derivative of -r**3/3 - r**2/2 + 3*r + 13. What is a(f)?
-9
Let p(u) be the second derivative of u**5/20 + u**3/3 - u**2/2 + 76*u - 1. Give p(3).
32
Suppose -8*v = -11*v - 141. Let h = -40 - v. Let w(x) = x - 10. Give w(h).
-3
Let c = 4 + -11. Let i(n) = -n**3 - 8*n**2 - 7*n + 9. Let q be i(c). Suppose -3*h - 9 - q = 0. Let p(t) = t**2 + 8*t. Give p(h).
-12
Let r(n) be the second derivative of -n**3/6 - n**2 - 3*n. Suppose -c - c = 4*s - 10, -2*s - 3*c = 5. What is r(s)?
-7
Let z = -231 + 247. Let t(q) = 2*q - 3. Give t(z).
29
Let k(u) be the first derivative of 0*u + 1/4*u**4 - 2*u**2 - 1/60*u**5 + 6 - u**3. Let p(x) be the second derivative of k(x). What is p(4)?
2
Let y(k) = -k**3 - 14. Let b = 81 - 73. Suppose -4*u = b*u. Give y(u).
-14
Let z(l) = -l**2 + 5*l - 8. Let g(r) = -r - 1. Let p be g(-5). Let i be 1*(p - (3 + -5)). Calculate z(i).
-14
Let n(i) be the third derivative of 0*i - 5/6*i**3 - 1/4*i**4 + 12*i**2 + 0. What is n(-4)?
19
Let w(m) be the first derivative of m**4/4 - 7*m**3 + 21*m**2/2 - 5*m - 61. Give w(20).
15
Let f(a) be the third derivative of a**4/24 + 3*a**3/2 - a**2. Let x be f(-4). Let p(y) = 2 + y - 4 - 4. Give p(x).
-1
Let g(m) be the first derivative of m**3/3 - 3*m**2 - 9*m - 309. Determine g(8).
7
Let p(f) = -f + 7. Suppose -2*o = -0*o + 3*v + 23, -v - 5 = 0. Let u = 7 - 17. Let m be o/(-10) - (-4)/u. Give p(m).
7
Let m(a) be the second derivative of a**3/6 - 5*a**2 + 239*a. Let u(y) = y**3 + 3*y**2 - y + 1. Let g be u(-3). Suppose s - 2 = g. Give m(s).
-4
Let a(g) = 3*g + 6. Let c be 4/(-16) + 3/8*22. Determine a(c).
30
Let b = -785 + 787. Let g(t) = -t + 5. Calculate g(b).
3
Let j(a) = 10*a**2 + 2*a**2 - 4*a**3 + 8*a - 14 + 3*a**3 - 21*a**2. Determine j(-10).
6
Let q(a) = -3*a**2 - 2 - a**3 + 3*a + 2*a + 1. Suppose 0 = -8*o + o. Let v(f) = f**3 - f**2 + f - 4. Let m be v(o). What is q(m)?
-5
Let t(p) = 21*p + 2. Let g(d) = -88*d - 9. Let i(q) = -6*g(q) - 26*t(q). What is i(-1)?
20
Let i(p) = 1 - 25 + 6 + 17*p + 6. Calculate i(1).
5
Let g be 117/195 - (-7)/5. Let z be -2 + 8 - 1/1. Suppose g*f - 9 - z = 0. Let l(r) = r**3 - 6*r**2 - 6*r - 9. What is l(f)?
-2
Let l(k) = -95 + 40 + k**2 + 33 + 29 - 14*k. Determine l(13).
-6
Suppose -5*o = 4*c - 22, -3*o - o + c + 26 = 0. Let z(m) = -m + 1. Let x(a) = -7*a + 5. Let i(g) = o*z(g) - x(g). Give i(-3).
-2
Let j(o) = -o**2 + 7*o - 9. Let n be (-6)/(-10) + 13 + (-264)/40. What is j(n)?
-9
Let u(q) = -28*q + 3 + 19*q - 4. Let j be (-3 - 0)/(3/2). Let x be -1*(j + 0 + 3). Calculate u(x).
8
Let t = 327 + -321. Let c(z) = 2*z - 20. What is c(t)?
-8
Let g(f) = 1740*f**3 + 5*f**2 - f - 5*f**2 - 1741*f**3. Give g(-1).
2
Let o be (-2)/(-2) - -2*2. Let p(r) = 4*r**3 - 126*r**2 + 6*r - 4. Let a(z) = z**3 - 26*z**2. Let g(s) = 5*a(s) - p(s). Give g(o).
-1
Let t = -84 + 119. Let a = t - 50. Let r = a + 18. Let n(u) = -u - 2. Give n(r).
-5
Let o = 63 + -36. Let u be (-88)/(-72) - 3/(o/2). Let n(k) = 5*k. What is n(u)?
5
Suppose 2 = 2*b - 0. Suppose b = l - 1. Let i(y) = -1 + y - 2 + y**3 - y**2 + 1. Calculate i(l).
4
Let x(p) = -p**2 + 2*p - 2. Suppose -2*j - y = -6*j + 28, -2*y + 21 = 3*j. Suppose 28 = 7*o + j. Determine x(o).
-5
Let i = 125 - 127. Let s(r) = -r**3 - 3*r**2 - r + 2. Give s(i).
0
Let l(b) be the second derivative of b**4/12 - 7*b**3/6 - 7*b**2/2 + 21*b - 3. Determine l(6).
-13
Let d(g) = -g**3 - 4*g**2 + 2. Suppose 0 = -8*i - 22 - 922. Let o = i + 114. What is d(o)?
2
Let h(m) = -14*m - 4. Let n(z) = 4 - 3*z - 5 + 0*z. Let j(d) = 2*h(d) - 11*n(d). Give j(-2).
-7
Let m = 2909 + -2904. Let i = -1 - -1. Let k(d) = -d + i - 4 + 1. Give k(m).
-8
Let l(h) = 2*h + 2. Let a be 4 - ((-3 - -3) + -1). Suppose 3 = -3*x, -2 - 1 = -a*y + 3*x. Let d be (y + 2)/(-2) - 3. Give l(d).
-6
Let n(x) = -x**3 - 8*x**2 - 7*x. Let c = -166 - -159. Calculate n(c).
0
Let g(f) = 71*f**2 - 8*f + f**3 - 51*f**2 - 27*f**2 + 7. What is g(8)?
7
Let n(k) be the third derivative of -k**6/120 + 7*k**5/20 - 19*k**4/24 - 11*k**3/6 + 2*k**2 + 101*k. Calculate n(20).
9
Let r(q) = 4 - 10 + q - 3 + 5 - 3. Determine r(3).
-4
Let i(n) = n**2 - 9*n - 9. Let w(v) = v**2 - 8*v - 8. Let f(o) = 5*i(o) - 6*w(o). Give f(-2).
-7
Let s(d) = 2*d**2 - 1. Let m(l) = 3*l**2 - l - 7. Let w(c) = m(c) - 6*s(c). Suppose -q = -13 - 0. Let v = q + -14. What is w(v)?
-9
Let q(f) = 4*f + 3*f - f**2 + 5 - f. Let v be (5 - 1)/(28/105). Suppose -6*c + v = -3*c. Determine q(c).
10
Let v(n) = 29*n + 9. Let s(d) = -13*d - 4. Let y(m) = 9*s(m) + 4*v(m). What is y(-11)?
11
Let n be 3*(2/(-3) + 1). Suppose n = -g - 2. Let i(a) = 7*a**3 - 2*a**2 - 2. Let q(p) = -12*p**3 + 2*p**2 + 2. Let c(t) = 5*i(t) + 3*q(t). What is c(g)?
-13
Suppose -4*g - 5*p = 4, 2*g - 14 = p - 2. Suppose 4*t - i + 20 = -0*t, g*t + 2*i = -32. Let q(v) = -v**2 - 8*v + 2. What is q(t)?
14
Let d(h) = -4*h**2 + 47*h + 24. Let u(r) = 3*r**2 - 32*r - 16. Let a(z) = 5*d(z) + 7*u(z). What is a(-9)?
-10
Let i(j) be the second derivative of -j**5/20 + j**4/2 - j**3/6 + 5*j**2/2 + j - 14. Determine i(6).
-1
Let y be (-100)/(-16) + (-3)/12. Let t(d) = -d**3 + 7*d**2 - 5*d + 5. Determine t(y).
11
Let m(l) = 11*l**3 - 2*l**2 + l + 2. Suppose 2*p + 4*n - 18 = 0, -2*p - 38*n + 36*n + 8 = 0. Determine m(p).
-12
Let x(w) be the second derivative of w**4/12 - w**3/6 - 3*w**2/2 - 97*w. Determine x(3).
3
Let s(w) = 2*w**2 - 2*w - 109. Let x be s(8). Let i(z) = 3*z**3 - 5*z**2 + z + 4. What is i(x)?
43
Let b(z) be the third derivative of z**5/60 + z**4/12 + 7*z**2. Suppose -1 - 8 = 3*h. What is b(h)?
3
Let x(p) = -p**3 - 3*p**2 + 2*p + 4. Suppose -z + 2 + 1 = 0. Suppose -5*i = s + 3, -i - s - 3 = -4*i. Let d = i - z. What is x(d)?
-2
Let a(v) = 37*v - 38*v + 179 - 172. Determine a(-4).
11
Suppose 0 = -3*r - 4*v - 6, -3*r - 8 = 3*v - 2. Let k(c) be the third derivative of -c**5/20 - c**4/24 - c**3/3 - 